{"id":94,"date":"2018-12-19T05:02:29","date_gmt":"2018-12-19T05:02:29","guid":{"rendered":"https:\/\/aufgaben.holliesoft.de\/?page_id=94"},"modified":"2018-12-19T05:02:29","modified_gmt":"2018-12-19T05:02:29","slug":"installation","status":"publish","type":"page","link":"https:\/\/aufgaben.holliesoft.de\/index.php\/installation\/","title":{"rendered":"Installation"},"content":{"rendered":"<ol>\n<li>Nachdem Sie die heruntergeladene Programmdatei ausgef\u00fchrt haben, erscheint ein Dialogfenster von der Benutzerkontensteuerung:<br \/>\n<a href=\"https:\/\/aufgaben.holliesoft.de\/wp-content\/uploads\/2018\/12\/AufgabenUAC.png\"><img loading=\"lazy\" decoding=\"async\" class=\"alignnone size-full wp-image-86\" src=\"https:\/\/aufgaben.holliesoft.de\/wp-content\/uploads\/2018\/12\/AufgabenUAC.png\" alt=\"\" width=\"456\" height=\"360\" srcset=\"https:\/\/aufgaben.holliesoft.de\/wp-content\/uploads\/2018\/12\/AufgabenUAC.png 456w, https:\/\/aufgaben.holliesoft.de\/wp-content\/uploads\/2018\/12\/AufgabenUAC-300x237.png 300w\" sizes=\"auto, (max-width: 456px) 100vw, 456px\" \/><\/a><br \/>\nKlicken Sie in diesem Dialog bitte auf &#8222;Ja&#8220;.<\/li>\n<li>Nun erscheint das Installationsprogramm von Aufgaben. Klicken Sie im Begr\u00fc\u00dfungsfenster bitte auf &#8222;Weiter&#8220;:<br \/>\n<a href=\"https:\/\/aufgaben.holliesoft.de\/wp-content\/uploads\/2018\/12\/Aufgaben_Setup_01.png\"><img loading=\"lazy\" decoding=\"async\" class=\"alignnone size-full wp-image-87\" src=\"https:\/\/aufgaben.holliesoft.de\/wp-content\/uploads\/2018\/12\/Aufgaben_Setup_01.png\" alt=\"\" width=\"498\" height=\"387\" srcset=\"https:\/\/aufgaben.holliesoft.de\/wp-content\/uploads\/2018\/12\/Aufgaben_Setup_01.png 498w, https:\/\/aufgaben.holliesoft.de\/wp-content\/uploads\/2018\/12\/Aufgaben_Setup_01-300x233.png 300w\" sizes=\"auto, (max-width: 498px) 100vw, 498px\" \/><\/a><\/li>\n<li>Anschlie\u00dfend werden Ihnen der Lizenzvertrag von Aufgaben angezeigt, bitte best\u00e4tigen Sie diesen mit &#8222;Lizenzabkommen akzeptieren&#8220; und klicken dann auf &#8222;Weiter&#8220;:<br \/>\n<a href=\"https:\/\/aufgaben.holliesoft.de\/wp-content\/uploads\/2018\/12\/Aufgaben_Setup_02.png\"><img loading=\"lazy\" decoding=\"async\" class=\"alignnone size-full wp-image-88\" src=\"https:\/\/aufgaben.holliesoft.de\/wp-content\/uploads\/2018\/12\/Aufgaben_Setup_02.png\" alt=\"\" width=\"498\" height=\"386\" srcset=\"https:\/\/aufgaben.holliesoft.de\/wp-content\/uploads\/2018\/12\/Aufgaben_Setup_02.png 498w, https:\/\/aufgaben.holliesoft.de\/wp-content\/uploads\/2018\/12\/Aufgaben_Setup_02-300x233.png 300w\" sizes=\"auto, (max-width: 498px) 100vw, 498px\" \/><\/a><\/li>\n<li>Nun k\u00f6nnen Sie optional den Speicherort von Aufgaben \u00e4ndern. In der Regel m\u00fcssen Sie das nicht tun und k\u00f6nnen einfach auf &#8222;Weiter&#8220; klicken.<\/li>\n<li>Nun wird die Installation durchgef\u00fchrt. Nach Ende der Installation k\u00f6nnen Sie Aufgaben direkt starten lassen, nachdem auf Fertigstellen geklickt wurde:<br \/>\n<a href=\"https:\/\/aufgaben.holliesoft.de\/wp-content\/uploads\/2018\/12\/Aufgaben_Setup_04.png\"><img loading=\"lazy\" decoding=\"async\" class=\"alignnone size-full wp-image-90\" src=\"https:\/\/aufgaben.holliesoft.de\/wp-content\/uploads\/2018\/12\/Aufgaben_Setup_04.png\" alt=\"\" width=\"498\" height=\"387\" srcset=\"https:\/\/aufgaben.holliesoft.de\/wp-content\/uploads\/2018\/12\/Aufgaben_Setup_04.png 498w, https:\/\/aufgaben.holliesoft.de\/wp-content\/uploads\/2018\/12\/Aufgaben_Setup_04-300x233.png 300w\" sizes=\"auto, (max-width: 498px) 100vw, 498px\" \/><\/a><\/p>\n<p>Weiter geht es mit dem ersten Start von Aufgaben.<\/li>\n<\/ol>\n","protected":false},"excerpt":{"rendered":"<p>Nachdem Sie die heruntergeladene Programmdatei ausgef\u00fchrt haben, erscheint ein Dialogfenster von der Benutzerkontensteuerung: Klicken Sie in diesem Dialog bitte auf &#8222;Ja&#8220;. Nun erscheint das Installationsprogramm von Aufgaben. Klicken Sie im Begr\u00fc\u00dfungsfenster bitte auf &#8222;Weiter&#8220;: Anschlie\u00dfend werden Ihnen der Lizenzvertrag von Aufgaben angezeigt, bitte best\u00e4tigen Sie diesen mit &#8222;Lizenzabkommen akzeptieren&#8220; und klicken dann auf &#8222;Weiter&#8220;: Nun [&#8230;]<\/p>\n<p><a class=\"btn btn-secondary understrap-read-more-link\" href=\"https:\/\/aufgaben.holliesoft.de\/index.php\/installation\/\">Weiterlesen\u00a0\u2026<span class=\"screen-reader-text\"> from Installation<\/span><\/a><\/p>\n","protected":false},"author":1,"featured_media":0,"parent":0,"menu_order":0,"comment_status":"closed","ping_status":"closed","template":"","meta":{"footnotes":""},"class_list":["post-94","page","type-page","status-publish","hentry"],"_links":{"self":[{"href":"https:\/\/aufgaben.holliesoft.de\/index.php\/wp-json\/wp\/v2\/pages\/94","targetHints":{"allow":["GET"]}}],"collection":[{"href":"https:\/\/aufgaben.holliesoft.de\/index.php\/wp-json\/wp\/v2\/pages"}],"about":[{"href":"https:\/\/aufgaben.holliesoft.de\/index.php\/wp-json\/wp\/v2\/types\/page"}],"author":[{"embeddable":true,"href":"https:\/\/aufgaben.holliesoft.de\/index.php\/wp-json\/wp\/v2\/users\/1"}],"replies":[{"embeddable":true,"href":"https:\/\/aufgaben.holliesoft.de\/index.php\/wp-json\/wp\/v2\/comments?post=94"}],"version-history":[{"count":1,"href":"https:\/\/aufgaben.holliesoft.de\/index.php\/wp-json\/wp\/v2\/pages\/94\/revisions"}],"predecessor-version":[{"id":95,"href":"https:\/\/aufgaben.holliesoft.de\/index.php\/wp-json\/wp\/v2\/pages\/94\/revisions\/95"}],"wp:attachment":[{"href":"https:\/\/aufgaben.holliesoft.de\/index.php\/wp-json\/wp\/v2\/media?parent=94"}],"curies":[{"name":"wp","href":"https:\/\/api.w.org\/{rel}","templated":true}]}}